s 1 + -3 + (-68 - -65) + -1 + -3 + -2?
-11
Evaluate -1 + 6 + -10 - (27 + -42 + 19).
-9
What is the value of -5 + 92 - (-25 + -14 + 72)?
54
What is the value of -59 - (17 - 50) - 56 - (6 - 0) - 3?
-91
What is 8 + (-123 - 21) - -21 - (-25 + 17)?
-107
Evaluate -18373 + 18252 + (-1 - -144).
22
Evaluate 1 + -73 + -45 + (-20 - (-71 + 14 - -7)).
-87
Calculate -35 + (31 + -20 - -43).
19
What is the value of (-48 - -20 - 12) + 6?
-34
What is -11 - -1 - ((20 - (-20 + (24 - -34))) + 21)?
-13
What is -2 + 13 + 19 - (-8 + 26)?
12
What is 41 - 34 - (51 - (8 + -3 + -7) - -5)?
-51
What is the value of -68 + 0 + -9 + (32 - 16) - (-87 + 92)?
-66
What is (0 - -14) + 44 + -55 - -32 - (-3 + 5)?
33
What is the value of -51 + 0 - (-92 + (120 - 44))?
-35
What is -22 + (25 - 0) + (17 - 77)?
-57
Calculate 7 + 0 - (128 - (40 + 141)).
60
What is 126 + (-150 - (104 - 137))?
9
What is the value of (-5 - -4 - -10) + (-269 - -225)?
-35
-4 + 0 + -4 + 18 - (506 - 547)
51
Calculate -51 + -144 + 176 - (-2 - 9).
-8
-7 - ((23 - 3) + -6 + (-50 - 25))
54
What is -22 + 24 + 80 - 25?
57
What is the value of -3 - -94 - (-2 + 19 - 1 - (397 + -391))?
81
What is ((86 - 68) + 29 - (2 - (-1 + -4))) + 2?
42
Calculate -1 + (-3 + -7 - -60).
49
Evaluate -17 + 31 - (42 - (-113 + 33)).
-108
Calculate (5 - 1) + (27 - -124) + -126 + (21 - 1).
49
What is the value of (19 - -3) + -44 + (72 - 61)?
-11
Evaluate (22 + -50 - 22) + 62.
12
What is (5 - (0 + 2)) + 35 + 6 + -118?
-74
What is the value of 66 + (85 - 69 - 12)?
70
What is -18 + (56 - 29) + -14?
-5
Evaluate -99 - (-21 + (38 + -9 - (11 - -9))).
-87
What is the value of 83 - (-54 + 76 + 32)?
29
What is 2 + -5 - -56 - (-32 + 41 - (3 - 0))?
47
What is the value of (-21 - (1 - 7)) + (-23 - (15 - 31))?
-22
Evaluate -51 + 98 - (0 + 5) - (24 + -26).
44
What is the value of -3359 + 3341 + 23 + -5?
0
What is the value of 83 + (2 - 7) + 8 + -16 + 16 + -19?
67
Evaluate (30 - 101 - 19) + 25.
-65
-4 + (-2 - 17) - (32 + -38 + 5)
-22
(5 - 1) + (-2 - 1 - -8) - (0 - -8)
1
What is the value of (13 - (71 - 31)) + 44 - -84?
101
What is the value of 21 - (-27 + 1 + 39 + (-4 - (3 + -2)))?
13
Calculate 31 + (-226 - (70 + -182)).
-83
Evaluate -6 + 0 + (1 - -1) - (3 + 49) - 9.
-65
What is the value of -7 - ((-10 - (12 + -4)) + 29)?
-18
Calculate -27 + -19 + (12 + -21 - 38).
-93
-213 + 220 - (-2 + 2 + -6 - -3 - 10)
20
What is 21 - (-10 + (-94 - -103 - (-1 + -1)))?
20
Calculate -303 + 305 + -1 + 16 + 1.
18
What is 8 - -32 - (-16 - -23) - (-10 - (1 - 0))?
44
2 + -26 - (0 + -5) - (63 - 16)
-66
What is (-28 - -19) + (8 - -3) - -35 - (-12 + 3)?
46
Calculate 6 + 8 + (-33 + 20 - 39).
-38
What is 49 - (-22 - (-20 + 8 + -24))?
35
Evaluate -123 + 122 + -14 + -68.
-83
Calculate -870 + 878 - (-3 - 22).
33
(-168 - -95 - -190) + 0 + -37
80
Evaluate 0 + -5 + (6 - 6) + (-17 - -35) + -143.
-130
What is 34 + -29 + (-18 - (-11 + -18))?
16
What is the value of 73 + (-70 - -16) + (-1 - 5)?
13
8 + -24 - -17 - -18
19
What is (-15 - -2) + (-68 - (-7 - 66) - (-82 - 0))?
74
What is -12 + 40 + (8 + 3 - (8 - 5))?
36
Evaluate 76 + (2 - 43 - (-177 - -148)).
64
Evaluate (18 + -37 + 23 - -9) + -93 + -3.
-83
What is the value of (806 - 724) + (-89 - -5) + -1 + -1 + 16?
12
11 + -7 - (70 + -7 + -2 + 10 - 8)
-59
Calculate -47 + 8 + 39 + 13 + 1 - 140.
-126
What is 7 - (22 + -43 - 7 - -18)?
17
(-15 - (-9 - -5)) + 3 - (-4 - (7 - -55))
58
-15 - (59 - -6 - 28)
-52
Calculate 257 + -271 - (-42 + -2) - -33.
63
Calculate -60 + 11 - (102 - 89).
-62
6 - (157 + -72 + -18)
-61
What is the value of -87 + 9 + (-650 - -757)?
29
What is the value of -113 + -67 + 302 - 114?
8
What is -58 + -28 + 80 + 0 + -4 + -4 + 3?
-11
Evaluate 15 - 0 - (104 + 0 + -344 + 318).
-63
What is the value of 78 - (19 + (-17 - -5) - (-1 - -14))?
84
Calculate 46 + -4 + 6 - (30 - 1 - 27).
46
(-16 - (-39 - -14)) + (-2 - 15)
-8
Calculate 45 + (-38 + 73 - 109).
-29
Evaluate (-14 + 8 - -63) + -31.
26
What is (126 - (12 + (0 + 5 - 21))) + -11?
119
What is -12 + (-73 - -29) + 85 + -163?
-134
Calculate 0 - -23 - (49 - -54 - 126).
46
What is (31 - 66) + 13 + 1 + -68?
-89
-11 + (17 + 12 - 15) + 0 - (29 + 2)
-28
(-133 - -154) + 2 + -9 + 0
14
What is the value of -4 + (1 - 5) + 2 + (0 + 5 - -45)?
44
Calculate 4 - 2 - -6 - (81 - (18 + -11) - 10).
-56
What is -66 + 97 + 13 + -12?
32
What is the value of 0 + 20 + -29 + 45 + -22?
14
What is the value of 10 + (0 - 39) - (-46 + 64 + -32)?
-15
What is the value of -75 + 31 + (-2 - 10 - (-147 - -151))?
-60
What is the value of 218 + -127 + -2 + -2 + -25?
62
What is the value of -238 + 138 + 89 + (-1 - 1 - -42)?
29
What is the value of (-32 + 59 - -29) + -6?
50
Evaluate -6 + (11 - (7 + -8)) + (-8 - 14).
-16
What is 3 + (81 - (5 - -69)) + (1 - -1 - -8)?
20
What is -55 + -16 + 15 + (38 - 75)?
-93
Calculate 5 + (2 - 0) + (-45 - (4 + -36)).
-6
What is the value of (-10 - 0) + (57 - ((6 - 30) + -12))?
83
-6 + (-1 + -4 - -74) - (-4 + -5 + 13)
59
Evaluate 8 + -12 + 25 + -116 + 5.
-90
102 + (-191 - -112) + (-58 - 0)
-35
Calculate 22 - (13 + -2 - (3 - (-17 - -8) - -9)).
32
Evaluate -95 + -15 + 1 + 23 + (6 - (-2 - 2)).
-76
What is the value of -23 - (-2 + -1 + 119 + -42)?
-97
What is (25 - -25) + (0 - 0) + 23?
73
What is 28 - (75 - (-59 + 81))?
-25
What is the value of 16 - ((-13 - 1) + 543 + -550)?
37
4 + -14 - (7 + 7) - (20 + -14)
-30
0 + -10 - (-528 + 523)
-5
What is (-25 - (0 - -1)) + 2409 + -2423?
-40
What is -64 + -103 + -22 + 105?
-84
What is 49 + (-43 - -3) + -62?
-53
What is the value of 11 + (-5 - (-11 + -3 - (23 - 28)))?
15
What is the value of -31 + (8 - -7) - 20?
-36
Evaluate (1 - 30) + -689 + 709 - ((-1 - -2) + 9).
-19
-68 + (-169 + 56 - -70)
-111
What is the value of 17 - (37 + (26 + -18 + 0 - 8))?
-20
What is -2 - 2 - (-110 + 11) - (-268 + 259)?
104
Evaluate 12 - 6 - -19 - (44 - 20).
1
Calculate 25 + 1 + -1479 + 1456.
3
Calculate -1209 - -1120 - (-1 - 19 - -3).
-72
Calculate -1763 + 1676 + (62 - 1).
-26
Calculate (-39 - 19 - -41) + 4 + -28.
-41
Evaluate (727 + -727 - (-1 - -99)) + (13 - 2).
-87
(53 - 58) + -1 + -53 + 5
-54
What is the value of 127 - ((46 - 15) + 5) - -27?
118
What is the value of 12 + (-11 - (-4 - (-16 + 7 - -3))) - 22?
-23
1 + 7 - (-30 - -29 - -24)
-15
Evaluate -53 - -49 - -5 - -30.
31
-40 + (-162 + 49 - -164)
11
What is -15 - (15 + (6 - 9) - (8 + -16))?
-35
What is the value of 34 - (49 - (16 + -14 + 20))?
7
Evaluate 70 - -2 - (16 + -31 + (10 - -2) - -15).
60
What is the value of -129 + 31 - (-5 + -1 + -9) - (-1 + -2)?
-80
Evaluate -8 + 8 + 2 + (3 - 14) + 5.
-4
What is -24 - -2 - (29 + -46) - -16?
11
What is -84 + 48 - (-20 - 41)?
25
Evaluate 94 + 10 + (4 - 60).
48
What is 25 + -57 + (60 - 22)?
6
What is 18 + (41 + -24 - (0 + 28)) - 83?
-76
What is (-1 - 7) + (-101 - -108) + (8 - 3)?
4
Calculate -6 + 14 + 58 + (61 - 35).
92
-49 - ((15 - 9) + (8 - 23) - (6 + -15))
-49
Calculate -23 - (-16 + (-2 - (-17 + 12)) + 27).
-37
What is (16 - (22 - 13)) + -17 + 37 - 4?
23
Calculate -75 + 42 + 36 - 103.
-100
What is the value of -11 - (2 - 13) - -8 - -5 - -28?
41
Evaluate 33 + 14 + (16 - 50) - -10.
23
What is (-10 + 0 + 1 - (-55 - -4)) + (5 - 8)?
39
What is 85 + 26 + 4 + 2 + -2 - (402 - 405)?
118
What is the value of (-1 + -3 - (8 - 15)) + (-97 - -94)?
0
-22 + (56 - (42 + 70))
-78
What is the value of -2 + -23 + -306 + 352 - (107 + -1)?
-85
10 + -20 - (16 - -12)
-38
What is the value of (12 - 3 - 2) + 3 + (1 - -2)?
13
Calculate 23 - (50 + 2) - -20.
-9
What is 1 - 23 - (-230 + 129 + 66)?
13
Evaluate (20 - (10 + 19)) + (-7 - (-9 - 18)).
11
What is the value of (24 - (-72 - -46)) + -82?
-32
What is the value of -13 + -1 + -66 + (7 - -96)?
23
Calculate -44 + 27 - (-159 + 228).
-86
What is -35241 - -35303 - (1 + 1 - 19)?
79
What is the value of -1 - -8 - (-3 - ((13 - 1) + 46 + -48))?
20
Calculate -1 + 1 + (21 - 13) + 85 + (31 - 73).
51
Calculate -36 + (6 - 35) + 26.
-39
Calculate -7 + 7 - (-32 + -1 - 3) - (-97 + 90).
43
Evaluate 23 - (-9 + (15 - -9) + -20).
28
What is the value of 11 + (-24 + 34 - 15) + 33?
39
What is the value of -78 + 8 + (18 + -51 - -57)?
-46
Calculate 3 + (50 + -55 - 22).
-24
5 + (-6 - 0) + 1570 + -1524
45
3 + 2 + 3 + -3 - (67 - 0 - 2)
-60
-3 - (3 - -3) - -4 - -25
20
Calculate -19 - -30 - 18 - (5 - 11).
-1
What is -5 - (10 + 44 + -64 + 1 + 8)?
-4
-47 - (11 + -101 + 117)
-74
What is 130